digit of 204198?
8
What is the hundred thousands digit of 26212806?
2
What is the hundred thousands digit of 5343931?
3
What is the millions digit of 8525066?
8
What is the ten thousands digit of 702317?
0
What is the millions digit of 5150760?
5
What is the hundreds digit of 284211?
2
What is the hundreds digit of 313987?
9
What is the ten millions digit of 10742621?
1
What is the hundred thousands digit of 10028683?
0
What is the thousands digit of 140255?
0
What is the thousands digit of 117849?
7
What is the tens digit of 1594?
9
What is the tens digit of 3551245?
4
What is the millions digit of 8681278?
8
What is the thousands digit of 3489684?
9
What is the ten thousands digit of 2077103?
7
What is the millions digit of 4428572?
4
What is the units digit of 252982?
2
What is the thousands digit of 1009227?
9
What is the tens digit of 558399?
9
What is the ten thousands digit of 1613519?
1
What is the hundreds digit of 168100?
1
What is the hundreds digit of 365174?
1
What is the units digit of 2247093?
3
What is the thousands digit of 1492176?
2
What is the ten thousands digit of 47778?
4
What is the hundred thousands digit of 4727953?
7
What is the ten thousands digit of 10444313?
4
What is the tens digit of 242616?
1
What is the ten thousands digit of 228688?
2
What is the ten thousands digit of 370186?
7
What is the tens digit of 5968994?
9
What is the hundred thousands digit of 1833561?
8
What is the ten thousands digit of 373992?
7
What is the hundred thousands digit of 188290?
1
What is the thousands digit of 5152352?
2
What is the thousands digit of 599578?
9
What is the tens digit of 2729973?
7
What is the hundred thousands digit of 259942?
2
What is the units digit of 2725395?
5
What is the units digit of 3109118?
8
What is the thousands digit of 1211808?
1
What is the units digit of 2204406?
6
What is the units digit of 6186058?
8
What is the tens digit of 8923525?
2
What is the ten millions digit of 20972148?
2
What is the ten thousands digit of 3437352?
3
What is the thousands digit of 1826046?
6
What is the ten millions digit of 12636921?
1
What is the units digit of 2210833?
3
What is the hundred thousands digit of 3042386?
0
What is the tens digit of 2256979?
7
What is the hundreds digit of 1356542?
5
What is the units digit of 11221822?
2
What is the thousands digit of 18605654?
5
What is the tens digit of 6295284?
8
What is the thousands digit of 2199634?
9
What is the hundreds digit of 6957141?
1
What is the ten thousands digit of 10036048?
3
What is the tens digit of 954586?
8
What is the thousands digit of 456365?
6
What is the tens digit of 1376305?
0
What is the hundreds digit of 6020583?
5
What is the thousands digit of 638318?
8
What is the units digit of 511628?
8
What is the tens digit of 28651?
5
What is the thousands digit of 309333?
9
What is the units digit of 2416952?
2
What is the ten thousands digit of 286062?
8
What is the tens digit of 507563?
6
What is the tens digit of 523705?
0
What is the ten thousands digit of 7417381?
1
What is the hundred thousands digit of 18273332?
2
What is the thousands digit of 550970?
0
What is the tens digit of 538842?
4
What is the tens digit of 5338040?
4
What is the hundred thousands digit of 160243?
1
What is the hundred thousands digit of 7123366?
1
What is the ten thousands digit of 983044?
8
What is the tens digit of 1487475?
7
What is the thousands digit of 114942?
4
What is the hundred thousands digit of 381931?
3
What is the units digit of 31639?
9
What is the hundreds digit of 53100?
1
What is the hundreds digit of 646335?
3
What is the millions digit of 6084752?
6
What is the tens digit of 1073565?
6
What is the hundreds digit of 17388?
3
What is the millions digit of 12803588?
2
What is the tens digit of 1112003?
0
What is the hundred thousands digit of 377555?
3
What is the thousands digit of 7544068?
4
What is the tens digit of 250449?
4
What is the hundreds digit of 998616?
6
What is the thousands digit of 311312?
1
What is the ten thousands digit of 2070510?
7
What is the ten thousands digit of 12923046?
2
What is the ten millions digit of 14246708?
1
What is the ten thousands digit of 540011?
4
What is the thousands digit of 888187?
8
What is the hundreds digit of 15999329?
3
What is the ten thousands digit of 36079?
3
What is the units digit of 79482?
2
What is the units digit of 210822?
2
What is the ten millions digit of 28911275?
2
What is the ten thousands digit of 2270074?
7
What is the thousands digit of 1196319?
6
What is the hundred thousands digit of 1403027?
4
What is the hundred thousands digit of 316010?
3
What is the units digit of 8010797?
7
What is the units digit of 120918?
8
What is the ten millions digit of 12032746?
1
What is the ten thousands digit of 3092374?
9
What is the hundreds digit of 2534947?
9
What is the thousands digit of 19456144?
6
What is the millions digit of 7539713?
7
What is the tens digit of 19166?
6
What is the thousands digit of 354584?
4
What is the ten thousands digit of 103845?
0
What is the units digit of 3979150?
0
What is the hundred thousands digit of 1235508?
2
What is the ten thousands digit of 167171?
6
What is the units digit of 3872002?
2
What is the hundred thousands digit of 4510010?
5
What is the ten thousands digit of 1316125?
1
What is the tens digit of 2010837?
3
What is the tens digit of 84963?
6
What is the hundred thousands digit of 13914663?
9
What is the ten millions digit of 19159928?
1
What is the ten millions digit of 20670610?
2
What is the ten thousands digit of 2683362?
8
What is the hundred thousands digit of 19525027?
5
What is the tens digit of 1663451?
5
What is the tens digit of 756516?
1
What is the millions digit of 3053563?
3
What is the hundred thousands digit of 2172918?
1
What is the hundred thousands digit of 13518357?
5
What is the hundred thousands digit of 135997?
1
What is the units digit of 30607?
7
What is the thousands digit of 52617?
2
What is the millions digit of 14642627?
4
What is the hundred thousands digit of 3015465?
0
What is the hundred thousands digit of 30444361?
4
What is the thousands digit of 3696539?
6
What is the thousands digit of 10657072?
7
What is the units digit of 492802?
2
What is the units digit of 4789460?
0
What is the hundred thousands digit of 2384875?
3
What is the thousands digit of 840895?
0
What is the hundreds digit of 796489?
4
What is the units digit of 2911637?
7
What is the ten thousands digit of 2181758?
8
What is the ten thousands digit of 2390998?
9
What is the ten millions digit of 14455952?
1
What is the ten thousands digit of 6137760?
3
What is the hundreds digit of 912131?
1
What is the hundreds digit of 279845?
8
What is the tens digit of 1259343?
4
What is the ten millions digit of 21147765?
2
What is the hundred thousands digit of 316067?
3
What is the units digit of 452575?
5
What is the hundred thousands digit of 3667826?
6
What is the thousands digit of 272952?
2
What is the units digit of 171538?
8
What is the millions digit of 5232074?
5
What is the hundreds digit of 1237145?
1
What is the thousands digit of 4174500?
4
What is the ten millions digit of 29597704?
2
What is the thousands digit of 514294?
4
What is the thousands digit of 768676?
8
What is the thousands digit of 601485?
1
What is the tens digit of 1168884?
8
What is the tens digit of 1279158?
5
What is the ten thousands digit of 1283142?
8
What is the units digit of 545581?
1
What is the ten thousands digit of 96038?
9
What is the thousands digit of 255221?
5
What is the millions digit of 1191511?
1
What is the hundred thousands digit of 181656?
1
What is the thousands digit of 12544202?
4
What is the units digit of 339546?
6
What is the hundred thousands digit of 4264094?
2
What is the thousands digit of 1748068?
8
What is the units digit of 4114362?
2
What is the hundred thousands digit of 10506888?
5
What is the millions digit of 17313403?
7
What is the hundred thousands digit of 1200162?
2
What is the ten thousands digit of 6647287?
4
What is the units digit of 211911?
1
What is the hundred thousands digit of 13890619?
8
What is the hundreds digit of 12583685?
6
What is the ten thousands digit of 2923825?
2
What is the tens digit of 1932733?
3